 -k**3 + 10*k**2 + 4*k - 23. Let w be v(10). Suppose -w*j = -3508 - 4686. List the prime factors of j.
2, 241
Let w(n) = 36*n**2 + 6*n + 20. Let x(v) = 12*v**2 + 2*v + 7. Let u(b) = 4*w(b) - 11*x(b). What are the prime factors of u(7)?
5, 11
Let n(q) = 3*q**2 - 3*q + 34. Let c be n(-17). Let l = c + -625. Suppose 0 = -2*h - 3*t + 219, 3*t - l = -2*h - h. What are the prime factors of h?
2, 3
Let p be 10/(-2) + (14 - (-6 + 17)). What are the prime factors of (p + (-3021)/6)/(10/(-20))?
3, 337
Let c be ((-7350)/(-4))/(-4*(-7)/56). Let u = c + -2613. List the prime factors of u.
2, 3, 59
Let z = 10404 + -5641. List the prime factors of z.
11, 433
Let y(o) = 7*o + 9. Let k be y(2). Suppose 0 = k*x + 8*x - 7068. List the prime factors of x.
2, 3, 19
Suppose 86*x = 52*x - 115*x + 4074107. What are the prime factors of x?
37, 739
Let c = 16162 - 11306. What are the prime factors of c?
2, 607
Let w(p) = -p**2 + 7*p - 5. Let g be w(6). Let n be g*6/9*6. Suppose -4*z + n*r = r - 69, -4*z - 4*r + 104 = 0. List the prime factors of z.
3, 7
Let j(g) = -3*g - 13. Let w be j(-4). Let r be 81/12 + w/(-4). Suppose -2*n = -r*n + 465. List the prime factors of n.
3, 31
Let z(k) = 1340*k - 55. Let w be z(6). Suppose -36*j = -41*j + w. List the prime factors of j.
1597
Suppose -23 = -k + 4*x, k + 5*x + 6 = -16. Suppose 490 = 3*h - 2*h. Suppose h = 2*d + d + 2*c, -k*c = -4*d + 625. List the prime factors of d.
2, 5
Let d(g) = -g**3 - 5*g**2 - 8*g - 4. Let f be d(-3). Suppose -f - 7 = -u. Let v = u - -25. What are the prime factors of v?
2, 17
Suppose -1023336 = -67*w + 1061771. List the prime factors of w.
31121
Suppose -5*g = -2*n + 815, 0*n + 3*n + 3*g - 1275 = 0. Suppose -417 = -3*y - 2*v - v, -3*y - 4*v = -n. List the prime factors of y.
2, 17
Suppose 4*z - 2430 = 118. Let m = z - 308. List the prime factors of m.
7, 47
Let i(g) = g**2 - 13 + g - 3*g + 9. Let k be i(-2). List the prime factors of 2 + 200 - (40/k - 6).
2, 3, 11
Let g be (-2)/(-6)*10*(-54)/(-12). Suppose -31*j + 45402 = g*j. What are the prime factors of j?
3, 7, 47
Suppose 0 = 7*p + 5331 - 21228. Suppose -l + 558 = 2*x, 2*x + p = 4*l - 3*x. What are the prime factors of l?
2, 3, 47
Let u(w) be the first derivative of -w**4/4 - 20*w**3/3 + 21*w**2/2 - 8*w - 20. Let o be u(-21). What are the prime factors of (26/8 - 2)/(o/(-128))?
2, 5
Let t(f) = f**2 + 9*f + 5. Let z be t(-11). Let n = z + -33. List the prime factors of 48 - n/3 - 3.
47
Suppose -5673 = -4*g + 167. Suppose -2*n = -2*m - 4*n + g, -3640 = -5*m + 5*n. What are the prime factors of m?
3
Let y(l) = 9*l - 7. Let c be y(5). Let b = c + -46. What are the prime factors of 109*4*(-2)/b?
109
Let s = -327 + 177. Let v = 258 + s. What are the prime factors of 5/(-5 - (-543)/v)?
2, 3, 5
Let b = 1004 - 684. Let j = b + -61. What are the prime factors of j?
7, 37
Suppose -2*o - j = 3*o + 3, 9 = 2*o - 3*j. Suppose 16*m - 208 = -o*m. Suppose m*v - 1188 = 4*v. What are the prime factors of v?
2, 3, 11
Let c(j) = 11*j. Let a be c(4). Let r(x) = 5*x + 2. Let q be r(-2). Let v = a + q. What are the prime factors of v?
2, 3
Let i = 1105 - 725. What are the prime factors of i?
2, 5, 19
Let a(r) = 13*r + 2. Let g be a(0). List the prime factors of (154/21 + g)*(-162)/(-4).
2, 3, 7
What are the prime factors of 397212/16 - (144/(-64) + 2)?
2, 12413
Suppose -2*c = -0*f - 3*f + 6670, -2*c = -4*f + 8890. Suppose -6*g = -11*g + f. List the prime factors of g.
2, 3, 37
Let l(i) = 30*i**2 + 23*i - 39*i**3 + 40*i**3 + 56 - i. List the prime factors of l(-29).
7, 37
Suppose 7*f = f + 30. Suppose 4*o - 3*h - 335 = 1754, 2655 = f*o + 5*h. Suppose 0 = 9*s - 1022 - o. What are the prime factors of s?
2, 43
Suppose 30*c - 27405 = -4562 + 37397. What are the prime factors of c?
2, 251
List the prime factors of (-31073)/(-8 + 189/27).
7, 23, 193
Suppose -5*z = 2*g - 6649, -4*g - 3 = -11. Suppose -4*w = -4*h - 3588, -4012 = -3*w - h - z. List the prime factors of w.
5, 179
Let u be (-6)/16*1 - (-58)/(-16). What are the prime factors of u - 2 - -10 - (1 + -1766)?
29, 61
Let j(i) = -10*i + 4. Suppose 5*o + 0*x + 33 = 4*x, 3*o = x - 24. Let w be j(o). Suppose 0 = 99*l - w*l - 105. List the prime factors of l.
3, 7
Suppose 39*l - 124 = 35*l. Let m = l + -30. What are the prime factors of (26/(-8))/(m/(-16))?
2, 13
What are the prime factors of (-5)/((-1361003)/170121 - -8)?
3, 8101
Let o(x) = x**2 - 9*x + 9. Let c be o(6). Let z(d) = d**3 + 9*d**2 + 8*d + 17. Let n be z(c). Let a = 32 - n. List the prime factors of a.
3, 29
Let w(d) = -9*d - 8. Let x be w(6). Let v = 75 + x. Let k = 32 - v. List the prime factors of k.
19
Let t(x) = x - 12. Let b be t(13). Let m(o) = 391*o**2. List the prime factors of m(b).
17, 23
Let a = 18341 - 756. List the prime factors of a.
5, 3517
Suppose -148 = -112*c + 75*c. Let r = 0 - -7. Suppose -c*l + 173 + r = 0. List the prime factors of l.
3, 5
Suppose -2887*o + 68391 = -2870*o. What are the prime factors of o?
3, 149
Let r be (-38)/(-14) - 6/(-21). Let y be -15*(-18)/27 - (-10)/(-2). Suppose -3*f = 3*z - y*z + 97, -r*f = -4*z + 203. List the prime factors of z.
53
Let q(p) = -3*p**3 - 3*p**2 + 17*p - 9. Let o be q(-6). Suppose -4*g - w + 102 = -3*g, 4*g - 3*w - o = 0. Let n = 141 - g. List the prime factors of n.
2, 3
Let i(t) = -2*t + 57. Let r = 14 - -12. Let h be i(r). Suppose -16 = -h*n + 34. What are the prime factors of n?
2, 5
Let y be (0 + 7 - -1)/((-1)/(-2)). Suppose -y*u - u = -7327. What are the prime factors of u?
431
Suppose 0 = 20*r + 8 - 108. Suppose -1300 = -g - 4*g + 5*x, r = 5*x. What are the prime factors of g?
3, 29
Let s be 44/(-55)*5*(-2 - -1). Let o be (-174)/((30/4)/(-5)). Suppose -s*f + 28 = -o. What are the prime factors of f?
2, 3
Let b(g) = 3*g**3 + 13*g**2 + 8*g + 7. Suppose -6*i = -3 + 45. Let j(v) = -v**3 - 6*v**2 - 4*v - 3. Let d(a) = i*j(a) - 3*b(a). List the prime factors of d(-4).
2, 5
Suppose 5*i + 5*x = 136760, -20104 - 116665 = -5*i - 2*x. List the prime factors of i.
5, 5471
Suppose 9*q - 26923 - 36716 = 0. What are the prime factors of q?
3, 2357
Suppose 3*n - 113 = 4*f + 261, 0 = -2*f - 4. Suppose -118 = -6*p + n. List the prime factors of p.
2, 5
Let z(x) = -20*x**3 - 8*x**2 - 16*x - 47. Let i be z(-5). Suppose -5812 = -4*o + 2*p, -571 = -2*o + 2*p + i. What are the prime factors of o?
2, 727
Suppose -21 = 5*k + 249. Let p = k + 30. List the prime factors of p*((-2)/(-3) - 2).
2
List the prime factors of (-10)/35 + (-216)/(-462) + (-22581)/(-11).
2053
Suppose -448965 = -1540*v + 1485*v. What are the prime factors of v?
3, 907
Let v(f) = 39 - 38 + 13 - 19*f. Let q be v(-9). List the prime factors of 1/((-735)/q + 4).
37
Suppose 0 = 2*t - 7*t. Suppose 3*v - i = 3, 4*i + 12 + t = 2*v. Suppose -a + 32 = 3*u - v*a, 3*u + 3*a = 30. What are the prime factors of u?
11
Let d = -53 + 13. Let m(r) = -r**2 + 2*r + 77. Let x be m(14). Let l = d - x. What are the prime factors of l?
3, 17
List the prime factors of (-7)/(28/(-39))*-12*-19.
3, 13, 19
List the prime factors of (-2)/(3 - (-16402)/(-5466)).
3, 911
Let c be -1*1/(3/(-27)). Let w(a) = 3*a**2 + 9*a + 2. Let f(q) = 11*q**2 + 26*q + 6. Let s(z) = -2*f(z) + 7*w(z). What are the prime factors of s(c)?
2, 5
Let y(c) = -20*c - 29. Let g be (13 - 810/63) + (-232)/7. List the prime factors of y(g).
631
Let y(p) = p**2 - 4*p + 3. Let j be y(3). Suppose 3*l + l + 232 = j. Let a = 83 + l. What are the prime factors of a?
5
Suppose 2*n - 4*d = -n + 4, 2*d = n. What are the prime factors of (1*(3 + -5))/(n/(-1366))?
683
Let x(w) = w**3 + 42*w**2 + 27*w + 37. Suppose -14*i - 205 = -9*i. What are the prime factors of x(i)?
13, 47
Let w = 22 + -21. Let f be (3 - 590)/(-5 - (-5 + w)). Let o = f + -411. What are the prime factors of o?
2, 11
Let p be (-5)/((-100)/(-8))*40/(-2). Let z be ((-15)/(-12) - 3)/((-2)/p). What are the prime factors of (-1326)/65*(z/(-3) + -1)?
2, 17
Suppose 53 = 12*s + 341. What are the prime factors of ((-4192)/s)/(1/3)?
2, 131
Let f(a) = -24 + 4*a - 10 - 5. Let c be f(10). What are the prime factors of ((2 - c) + 9)*2450/125?
2, 7
Let u(l) = -l**3 - 5*l**2 - 20*l + 63. Let d(q) = -2*q**3 - 10*q**2 - 41*q + 125. Let m(s) = 2*d(s) - 5*u(s). What are the prime factors of m(8)?
911
Let y = 5139 - -197. List the prime factors of y.
2, 23, 29
Le